. Let k(a) = -a**2 + 5*a**2 + t + a**2 - 3*a - 3*a**2. Calculate k(2).
5
Let r(v) = 2*v**3 - 15*v**2 - 3*v + 5. Let t be 4/1*(-6 + -4). Let y be 6/4*t/(-12). Let b(h) = h**3 - 7*h**2 - h + 2. Let q(u) = y*b(u) - 2*r(u). What is q(5)?
5
Suppose -1 + 5 = 4*h. Let i(m) = -15*m**2 + m. Give i(h).
-14
Let b(d) be the second derivative of 0 - 2*d - 7/2*d**2 - 2/3*d**3. Let z(i) = -i - 2. Let x(j) = -2*b(j) + 7*z(j). Give x(0).
0
Let m(q) = -q - 1. Let f be m(-5). Let w = 0 - f. Let x(t) = 2*t + 6. What is x(w)?
-2
Let j(t) = -3 + t - 3*t**2 - 5*t + 2 + t**2. Give j(-4).
-17
Let z(j) = 2*j**2 - 2*j + 6*j**3 + 5*j**3 - 3*j - 10*j**3 - 4. Let o be (6/8)/((-1)/4). Determine z(o).
2
Let z(j) = -j. Let n be z(-4). Suppose 0 = -0*v - 2*v + n. Let r(s) = v*s - 3*s**2 + 0*s**2 + 0*s. What is r(2)?
-8
Let k(u) = -u**3 + 6*u**2 + 6*u. Let n = -5 + 12. Calculate k(n).
-7
Let y(u) = -u. Let h = 8 - 3. Let s be h + -2 - 6 - -1. Give y(s).
2
Let v(k) = 4*k**3 + 1. Let p = -14 + 2. Let c be (-6)/21*42/p. What is v(c)?
5
Let x = -19 - -19. Let c(i) be the second derivative of 0*i**2 + x + 1/12*i**4 + i + 3/20*i**5 - 1/6*i**3. Calculate c(1).
3
Suppose -5*n + 4*s = 0, 3*n - 4 = 5*s + 9. Let x(r) = r. What is x(n)?
-4
Let g = 2 + 0. Let h = 2 - 0. Let u(l) = -4*l + h - l**3 + l - l + 5*l**2. Give u(g).
6
Let k = 6 + 1. Suppose 3*v + 2 = -k. Let x(g) = -3*g**2 - g + 7. Let t(c) = -c**2 + 3. Let m(q) = -5*t(q) + 2*x(q). Give m(v).
-4
Let f = -13 + 6. Let c(l) = -l**3 + l**2 - 1. Let p be c(-2). Let j = p + f. Let y(i) = -2*i + 6. Calculate y(j).
-2
Let w = 18 - 15. Let u(o) be the first derivative of 1 - o - 5/3*o**w - 2*o**2 - 1/4*o**4. What is u(-4)?
-1
Let h(j) = 3*j**2 + 2*j + 12. Let a(u) = 4*u**2 + 3*u + 13. Let i(l) = -2*a(l) + 3*h(l). Suppose 4*s + 5*y = -10, s - 4*y = -y + 6. What is i(s)?
10
Let y(v) be the first derivative of -v**6/120 - v**4/24 - v**3 + 2*v**2 + 5. Let a(o) be the second derivative of y(o). Calculate a(0).
-6
Let x be (-1)/(-1 + (-8)/(-10)). Let a(d) = 0 + 2 + d**2 - x + 4*d. Suppose -3*v - 15 = -2*z, -6 = -3*z + z. Give a(v).
-6
Let n(c) = -c**3 + 3*c**2 + 4*c + 3. Let s be n(4). Let h(i) = -i**2 + i + 1. Let p(g) = -g**3 - 10*g**2 - 4*g - 6. Let k(x) = s*h(x) - p(x). What is k(-6)?
3
Let c(i) = 17*i - 31*i + 15*i + 5. Give c(-5).
0
Suppose 87*l - 10 = 89*l. Let f(j) = j**2 + 4*j + 1. Give f(l).
6
Let s(y) be the second derivative of -3/2*y**2 - 2*y + 0 + 1/6*y**3 + 1/12*y**4. Give s(0).
-3
Suppose 4*b - 3*a - 20 = 0, 4*a + 3 = -3*b + 18. Let o(g) = 2*g - 2. Give o(b).
8
Suppose -4*r = 7*r + 44. Let p(j) = -5 - 2*j + j + 0*j. Calculate p(r).
-1
Let u(l) = -l**3 - 3*l**2 + l - 2. Let y = -3 - 0. Calculate u(y).
-5
Let y(o) = o**3 - 9*o**2 + 9*o - 12. Let m be y(8). Let w be (-1 + 1)*(-3)/(-9). Let j(q) = -4*q + 2*q + 0 + w. Give j(m).
8
Let o(c) = 2*c - 6. Let n(i) = i + 11. Let j be n(-5). What is o(j)?
6
Let j = -69 - -71. Let s(h) be the first derivative of -h**2/2 + 2*h + 1. Give s(j).
0
Let l(x) = -3*x**3 - 2*x + 4*x**3 + 2 - 8*x**2 + 4*x - 11. Let c be l(8). Let t(n) = -c + n + 9 + 1. Determine t(0).
3
Let u(t) be the first derivative of t**5/24 - t**4/12 - t**3 + 7. Let v(g) be the third derivative of u(g). Determine v(2).
8
Let s(r) = 10 + 2*r**3 - r**3 + r - 5. Let m = -1 + 6. Suppose m*d = d. Give s(d).
5
Let q be ((-8)/(-6))/((-3)/(-18)). Let n be -4*(-3 + 22/q). Let y(z) = -z**3 - z**2 - z + 1. Determine y(n).
-2
Let k be 2*-1 - (10 + -14). Let i(z) = -181 - z**k + 4*z + 181. Give i(5).
-5
Let n be -2 + 11 + -1 + -1. Let h = n + -4. Suppose -4*t = -5*o - 26, -5*o + 4 - 2 = h*t. Let x(m) = m - 2. Determine x(o).
-4
Let w(k) = -2*k**2 + 14*k - 4. Let s(j) = j**2 - 7*j + 2. Let v(m) = -5*s(m) - 2*w(m). What is v(7)?
-2
Let d(n) = -n. Let q be (-4)/6 + (-32)/(-12). Let b be 1*(0 + 0)/(-2). Suppose y + b = q. Calculate d(y).
-2
Suppose 0 = -5*x + 2*n - 26, n = -2*x + 9 - 23. Let c(p) = -3*p + 4. Give c(x).
22
Let p(b) = 2*b - 2*b - 3*b - 9 + 4*b. Give p(9).
0
Let o(u) = 3*u - 13. Let i(l) = 2*l - 19. Let y be i(14). Determine o(y).
14
Let u(z) = -4*z**3 + 11*z**2 + 11*z + 5. Suppose 5*p + 0*p = -25. Let d(q) = q**3 - q**2 - q - 1. Let i(g) = p*d(g) - u(g). Calculate i(-5).
5
Let n(s) = s**3 + 10*s**2 - 13*s - 20. Let g be n(-11). Suppose 4*f - 11 - 5 = 0. Let q(v) = f*v + 0*v + v - v**2 - 3. Give q(g).
3
Let r(f) be the first derivative of f**2/2 + 49. Give r(-7).
-7
Let a(v) = v - 2. Suppose -4*b = q - 28, 0 = -5*b - 5*q + 18 + 32. Calculate a(b).
4
Let h(d) = -8*d**2 - 1. Let t be 1/(5/(-8 - -3)). Give h(t).
-9
Let w be (12/10)/(4/10). Let u(f) = -f**2 - f + 1. Let r(l) be the first derivative of 2*l**3/3 + 3*l**2 - l - 1. Let v(j) = w*u(j) + r(j). Give v(5).
-8
Let b(j) be the third derivative of 5*j**4/24 + j**3 - 19*j**2 + 3*j. Give b(-6).
-24
Let j(v) = -v. Suppose 0 = -10*a + 14*a - 4. Calculate j(a).
-1
Let k be 2/(-1) + -10 + 5. Let s = k - -4. Let a(l) = -2*l - 3. What is a(s)?
3
Let l(q) be the third derivative of -q**7/504 - q**5/120 + q**4/24 - q**2. Let i(u) be the second derivative of l(u). Let f = 4 + -3. What is i(f)?
-6
Let b(n) = 4*n. Let r(w) = -3*w. Suppose 6 = 3*x - 3*l - 3, 0 = -2*x + 4*l + 6. Let q(t) = x*b(t) + 3*r(t). What is q(2)?
6
Let l be 8/20*(5 + 0). Let x(t) = -3*t + 4 - 1 - t**l - 7. Let z = -9 + 5. Calculate x(z).
-8
Suppose -i = 2*i - y + 3, -2*y = 4*i + 4. Let m(d) = d**3 - d**2 - d - 1. Let r(u) = 0*u + 2*u - 4*u**2 + u**2. Let p(a) = i*m(a) + r(a). Give p(-3).
1
Let o(h) = 5 + 2*h - 4*h**2 + 0*h + h**3 - 6*h + 2*h. Suppose 5*z = 2*m - 17, -2*m = 4*z + 2*m + 8. Let b = z + 7. What is o(b)?
-3
Let l(o) = 3*o - 3 - 4*o + 1 - 2*o. Let d be ((-3)/9)/((-1)/6). Determine l(d).
-8
Suppose 58 = -6*w + 16. Let d(f) = -f**3 - 6*f**2 + 7*f. What is d(w)?
0
Let w(q) = 7*q**2 + 15*q + 1. Let c(d) = 10*d**2 + 22*d + 1. Let u(o) = -5*c(o) + 7*w(o). What is u(-6)?
-4
Suppose 2*o = 6*o + a + 28, 0 = o + 3*a + 7. Let y(u) = 3*u**2 + 28*u + 25. Let x(j) = -2*j**2 - 19*j - 17. Let k(t) = o*x(t) - 5*y(t). Give k(-6).
0
Let v(x) be the first derivative of -x**2/2 - 6. What is v(8)?
-8
Suppose -4*s - 9 = -29. Let d(t) be the third derivative of -2*t**2 - 1/8*t**4 + 0 + 0*t + 1/60*t**5 - 2/3*t**3. Give d(s).
6
Let g(u) be the first derivative of -u**7/840 - u**6/60 - u**5/24 + 7*u**4/24 + u**3/3 - 3. Let h(t) be the third derivative of g(t). What is h(-5)?
7
Let l(u) be the first derivative of -u**4/8 + u**3/6 + 3*u**2/2 + 3. Let w(r) be the second derivative of l(r). Give w(-2).
7
Let u(v) be the first derivative of -1/3*v**3 - 5*v + 1 + 5/2*v**2. Calculate u(4).
-1
Let p(c) be the second derivative of 1/20*c**5 + 5/6*c**3 - c**2 + 0 - 1/4*c**4 - c. Calculate p(3).
13
Let b(z) = 16*z + 2*z**2 - 2*z + 3 - 10*z. Calculate b(-3).
9
Let a(l) be the third derivative of -l**5/60 + l**4/12 + l**3/6 + 7*l**2. Calculate a(3).
-2
Let n(w) be the second derivative of -1/2*w**4 - 9*w + w**3 - 7/2*w**2 + 0 + 1/20*w**5. Give n(5).
-2
Suppose 4*l = 2*l + 26. Let v(c) = -c + 6. Let g(w) = -4*w + 12 + 2*w + 1. Let s(x) = l*v(x) - 6*g(x). Give s(4).
-4
Let g(v) = -v**2 - 6*v + 7. Let b be g(-7). Let i(k) = k + b*k + k + 2*k + 4 + 2*k**2. Determine i(-3).
10
Let t = 3 + -1. Let a(c) = c + 7 - t - 5*c**2 - c**3 + c**2 + 5*c. Give a(-5).
0
Let i be (-2 - -1)*(-2 + 3). Let z = i + 0. Let x(q) = -2*q - 5*q**2 + 2*q. What is x(z)?
-5
Let s = -5 + 7. Let b(g) be the third derivative of 1/6*g**3 + 0 + 1/60*g**6 + 3*g**2 + 0*g + 1/24*g**4 - 1/20*g**5. Calculate b(s).
7
Let r be (2/2)/(2/4). Suppose 2*t - 9 = -t. Let u(l) = -3*l**2 + l + t - l**3 + 6*l**2 - 4*l. Give u(r).
1
Let n(c) = c**3 - 6*c**2 - c + 5. Let j = -7 + 13. Give n(j).
-1
Let m(a) = 3*a**2 + a - 2. Let x = 15 + -11. Let i(c) = -c**2 - c + 1. Let u(g) = x*i(g) + m(g). Calculate u(-4).
-2
Suppose -5*z = 12 + 3. Let w(h) = -h - 9. Suppose -2*i + 6*i = 20. Let o(m) = 2*m + 17. Let r(n) = i*w(n) + 3*o(n). Give r(z).
3
Let n(k) = -k**3 + k**2 + k - 6. Let t = 4 + -1. Suppose -2*s = t*s. Calculate n(s).
-6
Suppose 6 = 4*p - p. Let h(j) = 2*j + j - j**2 + 2*j**3 - 2 - j**3 + 6*j**p. Let k be -1 + (-1 - 1)/1. Give h(k).
7
Suppose 5*o = 2*o - 18. Let m(b) = -2*b - 8. Calculate m(o).
4
Let j(c) be the first derivative of -9*c**4/4 + c**3/3 + c**2 + c - 2. Suppose 1 + 1 = -2*i. Calculate